
Let h = 84725 + -49369. What is the units digit of h?
6
What is the hundreds digit of 2658/1 - (-30 + 8 - -13)?
6
Let i = 35830 - 16606. What is the thousands digit of i?
9
What is the units digit of ((-8)/52)/(22/(-6230510))?
0
Suppose 303*j - 304*j + t = -7346, -4*j = t - 29374. What is the tens digit of j?
4
Suppose -487*y - 2*a + 61383 = -482*y, 0 = y + 3*a - 12274. What is the hundreds digit of y?
2
What is the tens digit of -6 + 2/(-3) + (-301924)/(-42)?
8
Let u = 6648 - 329. What is the units digit of u?
9
Suppose 5 = -4*n + 1, -3*g - 4*n = 22. Let a be 3/(-9) + 94/g + 3. What is the tens digit of (-2586)/(-78) + 2/a + 1?
3
Let z be (-22570)/40 - 6/8. Let n = -501 - z. What is the units digit of n?
4
What is the units digit of ((-223592)/684)/(3/(-27))?
2
Suppose 249*y = 6824665 - 129704 + 2387065. What is the hundreds digit of y?
4
Suppose -3*z = -q + 4742, -100*q - 5*z = -99*q - 4782. What is the hundreds digit of q?
7
Let r(k) = 350*k**2 - 11*k. Let l be -11 + (19 - 10) + -2 + 3. What is the units digit of r(l)?
1
Suppose 4*f - 9959 = 5*r, 7*f = r + 4*r + 17432. What is the thousands digit of f?
2
Let i = -24 - -9. Let k be 4/(-8) + (i/(-6))/5. Suppose -4*r - t - 4*t + 354 = k, 81 = r + 5*t. What is the units digit of r?
1
Let i be 3/(-2)*2/(-3). Let q be 394*(-6)/(-6)*(i + 0). Let c = q + -239. What is the hundreds digit of c?
1
Let k(s) = s**3 - 5*s - 2. Let l be k(-3). What is the hundreds digit of (-30876)/(-217) - (-4)/l?
1
Suppose 118*v - 215580 = 39707 + 232053. What is the tens digit of v?
3
What is the thousands digit of 4/(-26) - (-924)/1274 - (-217124)/28?
7
Let q be 14/3 + (-2)/3 + 1. Suppose 0 = -3*c + 46 + q. Let r = 103 + c. What is the units digit of r?
0
What is the thousands digit of 7 + -8 - (4/7 + 278865/(-35))?
7
Let x = -385 + 766. Let f = -235 + x. What is the hundreds digit of f?
1
Let f be 2722/(-8) - ((-108)/(-16) - 7). Let q = f - -433. What is the tens digit of q?
9
Suppose 2*x + 5 = -2*c + 5*x, 7 = -c + 3*x. Suppose -4*o = c*i - 5432 + 1490, -5*o + 4950 = -5*i. What is the units digit of o?
7
Let o(s) = -94*s - 7. Let v(g) = -95*g - 8. Let q(z) = -3*o(z) + 2*v(z). Let b be q(-3). What is the units digit of b/(-5) + (-13)/65?
4
Let c = 51 - 232. Let p be -3*(-2*(0 - 34/12) + -4). What is the hundreds digit of ((-80)/4)/p - c?
1
Suppose -14*t = -2*w - 10*t + 1484, -3*w + 3*t = -2214. Let p = w - 302. What is the hundreds digit of p?
4
Let l be (18/(-15))/3*-60. Suppose 15*z - 7*z - l = 0. What is the hundreds digit of 121 + -3 + 15/z + -4?
1
Let v = -100148 - -164905. What is the hundreds digit of v?
7
Let q(a) = a**3 + 20*a**2 - 281*a + 94. What is the ten thousands digit of q(23)?
1
Suppose 2*a = p + 6, -a + 3 - 1 = -p. Let j be 10*(p - 6/(-4)). Suppose 0 = 8*n - 141 - j. What is the tens digit of n?
2
Let f(b) = -1. Let d(z) = 2*z**2 + 4*z. Let m(c) = 2*d(c) - 14*f(c). Let r be m(-4). Let g = 50 + r. What is the units digit of g?
6
Suppose -15*l = 18*l + 58905 - 188133. What is the units digit of l?
6
Let n be ((-75)/10)/((-6)/56). Let g(r) = r**2 - 14*r - 16. Let z be g(15). What is the units digit of (40/n)/(z/(-7))?
4
Let r be (-380)/(-8)*(3 - (-38)/(-10)). Let l = r - -35. Let q = 71 + l. What is the units digit of q?
8
Let x = -289 + 536. Suppose 0 = -o + 2*s + x, 3*o = -o + 4*s + 988. What is the hundreds digit of o?
2
Let v(s) be the third derivative of -s**5/120 + 29*s**4/24 + 8*s**3/3 + 16*s**2. Let g(w) be the first derivative of v(w). What is the units digit of g(21)?
8
Let u(g) = -116*g**3 + 2*g + 1. Let q(t) = 6*t**2 + 3 + 4*t - 7*t**2 + 1. Let n be q(5). What is the hundreds digit of u(n)?
1
Let o = 80847 - 45761. What is the thousands digit of o?
5
Let u(w) = 63*w**2 - 153*w - 7. What is the hundreds digit of u(-5)?
3
What is the hundreds digit of (-9692)/((-8)/6 - -1)*37/74?
5
Suppose -5*o + 53 = -2*k, 4*o + 5*k - 3 = 13. Suppose -o*z + 24*z - 12375 = 0. What is the hundreds digit of z?
8
Suppose b + 4360 + 6467 = 3*m, -5*b = -4*m + 14447. What is the units digit of m?
8
Let i(j) = 77*j**2 - 23*j + 874. What is the thousands digit of i(15)?
7
Suppose 65 = 2*y - c, 131 = 6*y - 2*y - c. Suppose -y = -146*u + 143*u. What is the tens digit of u?
1
Suppose -2*o + 4*u + u + 435 = 0, -5*o + 1077 = -2*u. Suppose 3*j - 269 = -o. What is the tens digit of j?
1
Let s = 74243 - 32148. What is the tens digit of s?
9
Suppose -p + 333 = -3*t - 39, 3*p - 1124 = 5*t. Let y = p - -49. What is the tens digit of y?
2
Suppose 0 = 6*w - 10917 + 663. Suppose 811 = 14*g - w. What is the hundreds digit of g?
1
Let o = -1015 - -2085. Let i = o + -386. What is the units digit of i?
4
Let k = 92 + -90. Suppose -2*j = -2*d - 198 - 390, 4*j - k*d - 1172 = 0. What is the hundreds digit of j?
2
Suppose 0*v - 2 = v. Let g be 1/v - (-12)/8. Let a = g + 42. What is the units digit of a?
3
Let c be (-8)/(-1)*1 - 180/(-60). Suppose -486 - 779 = -c*a. What is the units digit of a?
5
Let u(g) = 27*g - 37. Let h(t) = -80*t + 110. Let i(r) = -6*h(r) - 17*u(r). Let f be i(5). Let b = -64 + f. What is the units digit of b?
0
Suppose f + 14 - 61 = 0. Suppose -122 = f*q - 49*q. What is the tens digit of q?
6
Suppose 70*k - 303*k = -119*k - 259350. What is the tens digit of k?
7
Suppose -4*w = k - 6*k - 5774, -3*w - 5*k = -4348. Suppose 3*l - 1028 - 57 = 4*z, 5*z + w = 4*l. What is the units digit of l?
9
Suppose 4*x + 5*c + 41 = 106, 0 = -3*x - 4*c + 50. Suppose 0 = x*b - 5*b - 610. Let q = b + -27. What is the units digit of q?
5
Let b = 34 + -46. What is the tens digit of (3 - 1148/b)/(4/6)?
4
Let i(q) = q**3 - 6*q**2 - q + 4. Let x be i(-4). Let a = 311 + x. Let l = -58 + a. What is the hundreds digit of l?
1
Let b = -43 + 55. Suppose 0 = 4*d - b*d - 144. Let t(o) = o**2 + 18*o + 5. What is the units digit of t(d)?
5
Suppose 8*w + 35 = -53. Let g be w*3/(1 + -4). Let x = g + 36. What is the units digit of x?
7
Let m = 36015 - 19391. What is the thousands digit of m?
6
Suppose 2*a + 10 = 7*a + c, -3*a - 3*c = -6. Suppose 5*p - h = -33, a*p + 29 = -2*h + 11. Let s(l) = -15*l - 26. What is the units digit of s(p)?
9
Suppose 5*h + 11 = 2*o - 9, 4*h + 28 = 4*o. What is the hundreds digit of ((-1320)/(11 - o))/(4/(-2))?
1
Suppose -18533464 + 7051524 = -149*v. What is the hundreds digit of v?
0
Let x = -140 - -143. Suppose -u - 4*u = f - 136, -4*u = x*f - 452. Suppose -q - 2*d + 153 = 0, d = -q - 4*d + f. What is the units digit of q?
1
Let m(x) = 3*x**2 - 8*x - 9. Let n be m(9). Let p(r) = -2*r**2 - 9*r + 14. Let f be p(6). Let i = n + f. What is the units digit of i?
0
Let s = 957 - -2157. What is the units digit of s?
4
Suppose -18*b + 1867 = -437. Let n = b + 22. What is the units digit of n?
0
Suppose 0 = -3*o - 2*s + 331, -2*o - 3*s = o - 333. Suppose 76 = -3*b - 4*m, -3*b - 3*m - o + 31 = 0. Let u = -23 - b. What is the units digit of u?
5
Let m be 4*((-3)/4)/(-1). Let j be (-1)/(-5) + (-1828)/(-10). Suppose -m*g + j = 4*t - 144, 0 = 4*g - 4. What is the units digit of t?
1
Suppose -3*b + 9 = -3. Suppose 0 = -3*x + 7*x + 3*u - 47, x - 28 = -b*u. Suppose -x*r - 570 = -1378. What is the hundreds digit of r?
1
Suppose 2*f = -5*f + 35. Suppose f*s + 3*v = 32, 3*s - 4*v + 7*v - 24 = 0. Let b(k) = 16*k - 6. What is the units digit of b(s)?
8
Suppose -7 + 52 = -5*w. What is the hundreds digit of 6975/18 + w/6?
3
Let b(y) = 7*y**3 + 4*y**2 + 3*y - 7. Let s(u) = u**3 + u. Let g(c) = b(c) - 6*s(c). Let v be g(-4). What is the units digit of 157/v - ((-32)/20 + 2)?
1
What is the tens digit of 1 + 16025 - (-4 + 7)/1?
2
Suppose 0 = p - 2*c + 13, -4*p - 4*c = -1 + 5. Let j be (-2 - p)*(3 + -2). Suppose j*f + 0*s - 235 = -s, 3*s = -3*f + 231. What is the tens digit of f?
7
Suppose 2*s = 65221 - 43717. What is the thousands digit of s?
0
Let q = 152 + -151. Let n(h) = 5 + 77*h**2 - h - 7 + 4*h + 0. What is the units digit of n(q)?
8
Let f = -120 + 1121. Let b = -929 + f. What is the tens digit of b?
7
What is the units digit of (11/(-2))/(21/(-39816))?
8
Suppose 1595782 = 44*y + 409410 - 955636. What is the hundreds digit of y?
6
Suppose -107*k = -144571 - 807408. What is the hundreds digit of k?
8
What is the ten thousands digit of (-1190)/(-476)*82084/10?
2
Suppose 4*s = 2*n + 1981 - 23, -3*n = -3*s + 1473. Suppose 15 = 3*v, -6*p + 10*p 